 (-81)/(-42)). Let h(q) = -q**3 - 8*q**2 - 7*q + 5. Let o be h(y). Calculate the greatest common divisor of 145 and o.
5
Suppose 0 = 28*z - 27847 - 21657. Calculate the highest common divisor of z and 748.
68
Let n(i) = i**3 + 10*i**2 - 106*i + 9. Let k be n(-11). What is the highest common factor of 136 and k?
34
Suppose 334 = 6*n - 596. What is the highest common divisor of n and 10?
5
Let c be ((-4477)/(-11))/(3/12). What is the highest common divisor of 148 and c?
148
Let l(d) = 9*d + 143. Let p be l(-13). Calculate the greatest common divisor of p and 429.
13
Let q be 26 + -24 - (214/(-2) - 2). Suppose 1 = k, i + 9*k - 8*k = q. What is the highest common factor of i and 10?
10
Let l = 321 - 230. Let z = -134 + 56. Let d = z + l. Calculate the greatest common divisor of 39 and d.
13
Suppose 4*w - 55 = -0*o + 3*o, w - 3*o - 7 = 0. Let m be (-43 - -182) + 4 + 1 + 0. Calculate the highest common divisor of m and w.
16
Suppose -10 = -80*z + 75*z. Suppose -4*v = -z*j - 436, -3*v + 4*j + 67 + 265 = 0. Calculate the highest common divisor of 144 and v.
36
Let x = 1 + 1. Let r(b) = 4*b + 0*b - x - 3*b - 3*b. Let p be r(-11). What is the highest common factor of 8 and p?
4
Let z(q) = -10*q - 6. Let m be z(-6). Suppose -2*r - 116 = -908. Suppose -124*j - r = -135*j. What is the highest common factor of j and m?
18
Suppose -72 = w - 70. Let l(b) = -3*b - 6. Let g be l(w). Suppose 5*h = 5, 2*x + g*h + 3*h - 33 = 0. Calculate the greatest common divisor of 195 and x.
15
Let l be (-7)/7 - (-1126)/1. What is the highest common factor of l and 135?
45
Suppose -g = 1, 3*k + 181 = g - 85. Let u = 100 + k. Suppose -83 + u = -8*s. What is the greatest common factor of 72 and s?
9
Let r(j) = 3*j**2 + 16*j + 38. Let l be r(-5). Calculate the highest common divisor of l and 48.
3
Let c = 556 - 523. Let p be 130 + (-1 - -5 - (-25 + c)). What is the highest common factor of 28 and p?
14
Let r be 2008/1255 + (-3787)/(-5). Calculate the greatest common factor of r and 231.
33
Let j = -10 - -23. Suppose -17*h - 32 = -j*h. Let i = 12 + h. What is the greatest common divisor of 36 and i?
4
Suppose -k + 2*b + 1099 = 0, -6*k - 5*b = -2*k - 4435. Let p be (6/2)/(3/k). Calculate the greatest common divisor of 85 and p.
85
Suppose r - 680 = -4*u, -59*u + 64*u = 3*r + 884. What is the greatest common factor of u and 16?
4
Suppose 9*c = 21*c. Suppose c = 9*x + 243 - 675. What is the highest common factor of 36 and x?
12
Let b(y) = -y**3 + 13*y**2 + 3. Let h be b(13). Suppose -h*m + 254 = -3*j + j, 2*j - 434 = -5*m. What is the highest common factor of 430 and m?
86
Suppose -v = 4 + 4. Let i = -91 - 9. Let j be (i/(-2))/(v + 10). Calculate the greatest common divisor of 25 and j.
25
Let q be ((-522)/(-15))/((-21)/(-560)). What is the greatest common divisor of q and 406?
58
Let n be 8/28 - 668/(-14). Let b be (-2 - (-7)/3)/((-16)/(-48)). Let s be (b + -2)/(8/(-96)). Calculate the highest common divisor of s and n.
12
Let a be (3*41)/(180/1020). Suppose -16*f = -a - 5991. Calculate the greatest common factor of 44 and f.
22
Suppose 5*h = r - 0*r + 71, 3*h - 61 = -4*r. Suppose -26*x + 1188 = -h*x. What is the highest common divisor of x and 84?
12
Let u(v) be the second derivative of -52*v**3/3 - 327*v**2/2 - 223*v. Let d be u(-9). Calculate the highest common divisor of 21 and d.
21
Let i be -5 + 0 - 1/((-516)/102 - -5). Calculate the highest common factor of 948 and i.
12
Let y be -12*(12 - 530/40). Calculate the greatest common factor of y and 105.
15
Suppose -116840 - 95128 = -23*i. What is the greatest common divisor of 8 and i?
8
Suppose -768*v = -740*v - 84112. Calculate the highest common factor of v and 4.
4
Let d(s) = s**3 - 9*s**2 + 12*s - 11. Let z be d(9). Let l = 190 - z. Suppose -6*q + 3*q + l = 3*n, -q = -5. What is the highest common factor of n and 286?
26
Let t = 443 - 431. Suppose -g - 17*a = -t*a - 805, -g = -4*a - 832. Calculate the greatest common divisor of 20 and g.
20
Suppose 4*n + 8 = 0, 5*h - h - 2072 = -4*n. What is the highest common divisor of h and 1430?
130
Let p(y) = y**2 + 3*y + 6. Let k be p(-6). Let z be 36/60*(-7)/((-84)/120). Calculate the highest common factor of z and k.
6
Suppose 0 = 3*g + y - 103, -4*g - y = -81 - 57. Suppose g*q - 32*q = 513. Calculate the greatest common divisor of q and 19.
19
Suppose -4*k - 3*l = -3912, 5*k - 1877 = -2*l + 3020. What is the highest common divisor of 18 and k?
9
Let w(v) = -9*v + 58. Let m be w(6). Suppose -23 = -m*o + 145. What is the greatest common divisor of o and 399?
21
Let y be (57 - 1)*(-60)/(-7)*21/63. What is the greatest common divisor of y and 608?
32
Suppose -28 = -4*f - 32. Let m(s) = -240*s - 8. Let k be m(f). What is the greatest common factor of k and 8?
8
Let u = -1672 - -2840. What is the greatest common factor of u and 32?
16
Let x(j) = -2*j + 38. Let n(z) = -2. Let f(h) = 48*n(h) + 3*x(h). Let p be f(0). Let y be 35 - (2 - 3 - 0). What is the highest common divisor of p and y?
18
Let v(y) = -34*y - 128. Let c be v(-4). Calculate the greatest common factor of 10568 and c.
8
Suppose 11 = -4*f + 51. Let j = -8 + f. Suppose j*v - 3*v = -18. Calculate the greatest common divisor of v and 36.
18
Suppose -2*f = 5*s - 118 - 1676, 15 = -5*f. Let r = -191 + -14. Let l = r - -245. What is the greatest common divisor of l and s?
40
Let i(w) = -152*w**2 - 9*w - 8. Let g be i(-1). Let h = -106 - g. What is the greatest common factor of 75 and h?
15
Suppose -3*z - 4*q - 1100 = 0, -3*q = 5*z + 365 + 1450. Let n = z + 501. What is the highest common factor of n and 94?
47
Let j = 10 - 2. Suppose 2*i - 7*i = -3*k + 337, 0 = 4*i + 8. Let d = 237 - k. What is the greatest common factor of d and j?
8
Let s be (-1 - -2)*6 - (-6531 + 70). What is the greatest common factor of 29 and s?
29
Let u(h) = -h**2 - 34*h + 46. Let a be u(-24). Let q = 451 - a. What is the highest common factor of 30 and q?
15
Suppose 5*h = -4*g + 13700, -3*h + 2109 + 6111 = 4*g. What is the greatest common factor of h and 60?
20
Suppose z = -2*z + 6. Suppose 3*n + 7 = -d, 22 = z*d - 4*n + 6. Let v be 1072/32 + d/(-4). What is the highest common divisor of 3 and v?
3
Let f(t) = 19*t + 4. Let o be f(8). Let k(p) = 35*p - 1440. Let u be k(42). What is the highest common factor of o and u?
6
Suppose 2*x = -3*c + 459 + 821, -x = 5*c - 2145. Suppose 0 = -3*y + 8*y - 2*m - c, -259 = -3*y + m. Calculate the greatest common divisor of 40 and y.
8
Let p(s) = s**2 + 11*s - 235. Let i be p(42). What is the greatest common divisor of i and 55?
11
Suppose -g - 2*f = -312, -2*g - 2*f + f + 612 = 0. Suppose -20*o = -12*o - g. What is the greatest common factor of o and 247?
19
Let h be 170/51*12/10. Suppose -h*b + 231 = g + 2*g, 3*b = -2*g + 153. What is the greatest common divisor of 45 and g?
9
Let y = -274 + 282. Suppose -2*k - 48*w = -46*w - y, 5*k - 32 = -w. Suppose -2*q = -4*q + 140. Calculate the greatest common divisor of q and k.
7
Let s be (4 - -1)*(2/(-1) - -67). Let k be (2816/(-10))/(-11) + (-9)/15. Calculate the greatest common divisor of k and s.
25
Let f(v) = -v**3 - 17*v**2 - 27*v + 43. Let y be f(-15). Let d(g) = -57*g - 3. Let x be d(y). What is the greatest common factor of 3 and x?
3
Let w(l) be the third derivative of -l**4/24 + 62*l**3/3 - 65*l**2. Let h be w(0). What is the highest common factor of 31 and h?
31
Let z(o) = -16*o - 195. Let m = -217 + 204. Let g be z(m). Let j = 4 - 3. What is the highest common divisor of j and g?
1
Let x = -368 + 348. Let i be (-8)/3 + 4 + x/(-3). What is the highest common factor of 100 and i?
4
Suppose 0 = 3*p - o - 102, 4*o = p + 2*p - 93. Let h = -178 - -1263. What is the greatest common divisor of h and p?
35
Let u be (-32)/(-6) + 2/3. Let c = -98 - -108. Let w(k) = 11*k - 56. Let j be w(c). Calculate the highest common divisor of u and j.
6
Let g(m) = -m**3. Let b be (-4)/(4/(-13)) - 0/(-2). Suppose -b = 4*n - 5. Let v be g(n). What is the greatest common factor of 72 and v?
8
Let b be 2/(-6)*(-6 + 3). Suppose w + 123 = 4*w. Calculate the greatest common divisor of b and w.
1
Suppose 2*r + 4*s - 488 = 0, 4*r + 125 = 2*s + 1171. Calculate the highest common divisor of r and 33669.
129
Let r be (20/8 + -3)*1*-6. Let k be 708/(-8)*(-2 + 2/r). Suppose 2*d - 64 = 5*g, 5*d - g - g 